uppose 0 = 4*l - 100 + 36. What is the remainder when h is divided by l?
14
Let f(c) = 2*c**2 - 3*c**2 + 54*c - 9 - 63*c. Calculate the remainder when 26 is divided by f(-6).
8
Suppose 6*z = 20 + 40. What is the remainder when 37 is divided by z?
7
Suppose 3*s = -3*g + 21, 5*s - 24 = 2*g - 6*g. What is the remainder when 41 is divided by g?
8
Let l = 3 - 0. Suppose l*u - 46 = m, 0 = u - 2*m - 5 - 2. Calculate the remainder when 50 is divided by u.
16
Calculate the remainder when ((-124)/(-8))/((20/8)/5) is divided by 16.
15
Suppose f + 9 - 1 = 0. Let n(r) = -r - 10. Let d be n(f). Calculate the remainder when (-415)/(-30) - d/12 is divided by 5.
4
Let d(u) = u**3 - 5*u**2 - 5*u - 1. Suppose -21 - 3 = -3*x + 3*c, 2*x - 13 = -c. Calculate the remainder when d(x) is divided by 16.
14
Let t(i) = 3*i - 1. Let w = 3 + 3. Calculate the remainder when t(w) is divided by 6.
5
Let h(l) = l**2 + l - 3. Let v be h(3). Let u = -8 - -11. Let p = v - u. What is the remainder when p is divided by 4?
2
Calculate the remainder when (44/(-22))/((-2)/36) is divided by 3.
0
Let l(v) = 15*v**2 - 2*v + 1. Let m(h) = 13*h + 1. What is the remainder when m(2) is divided by l(1)?
13
Calculate the remainder when 39 - 11 - (4 - 0) is divided by 13.
11
Suppose -2*m - 6 = -4*m. Calculate the remainder when 86 is divided by -1 + 0 - (-27 - m).
28
Let t = 77 + -54. Let v be (-3 + 2)*(0 - 5). Suppose -v*c + 31 = -9. What is the remainder when t is divided by c?
7
Suppose -4*v = 5*m - 719, -3*m = v + 3*v - 425. Suppose k = -2*k + m. Calculate the remainder when k is divided by 26.
23
Suppose 0 = 3*y + 4*y - 42. Calculate the remainder when y is divided by 3.
0
Suppose -15 - 42 = -3*v - 5*b, 2*v + 4*b = 40. What is the remainder when 53 is divided by v?
11
Suppose -3*p + 0*p = -3*t + 24, 0 = -p - 5. What is the remainder when 10 is divided by t?
1
Suppose 22 = 7*s + 1. Let t be (6/4 + 1)*-6. Let g = t + 21. What is the remainder when g is divided by s?
0
Let h = -1 - -7. Suppose 0 = -j + 2 + 1. Suppose -7 + j = -a. What is the remainder when h is divided by a?
2
Let p(i) = i + 27. Calculate the remainder when p(13) is divided by 14.
12
Suppose -f + 30 = f. Let k(x) = x**2 + 4*x + 4. Let s be k(-6). Let j = 60 - s. What is the remainder when j is divided by f?
14
Let y(v) = v**3 + 11*v**2 - 16*v + 19. What is the remainder when y(-11) is divided by 28?
27
What is the remainder when 4 - (-209)/(-3)*(-15)/5 is divided by 27?
24
Let u(m) = -7*m - 12. What is the remainder when 31 is divided by u(-4)?
15
Suppose -2*m = 2*u + 4, 2*m + 0*m + 16 = 2*u. Calculate the remainder when 7 is divided by u.
1
Let k(p) = p**3 + 6*p**2 - 10*p - 9. What is the remainder when 47 is divided by k(-7)?
11
Suppose 0 = 3*x + 3*i - 102, -3*i = -0*x - x + 18. Calculate the remainder when 89 is divided by x.
29
Calculate the remainder when 38 is divided by (-2)/3 - (76/(-6) - 2).
10
Suppose 6 + 10 = 4*k. Suppose 38 + k = 3*o. What is the remainder when 26 is divided by o?
12
Let i be 5 + 1/(2/(-6)). Suppose 0 = 2*g + i*p, 8 = g - 0*p - p. What is the remainder when g is divided by 2?
0
Let z = -5 + 9. Calculate the remainder when 27 is divided by (14/z)/((-5)/(-10)).
6
Let t(v) = -v + 29. Suppose -3*k + 4*k = 12. Calculate the remainder when 66 is divided by t(k).
15
Suppose k - 22 - 19 = 0. Let o = k - 10. What is the remainder when o is divided by 16?
15
Suppose 3 + 5 = 4*f. Suppose -q - b = -27, -2*b - 18 = -f*q + 28. Calculate the remainder when q is divided by 14.
11
Suppose 0 = 5*x + h + 10 - 61, -3*x - 3*h + 33 = 0. Let l(s) = -s + 22. What is the remainder when 34 is divided by l(x)?
10
Let r(u) = u**2 + 5*u - 6. Let k be r(-6). Suppose k = 3*h + 2*h - 55. Let b(a) = 2*a**2 - 2*a - 3. What is the remainder when b(-3) is divided by h?
10
Let c(x) = 9*x**2 - 1. Suppose 4 = -3*m + 1. Let h = 0 - m. What is the remainder when 22 is divided by c(h)?
6
Let v be 6/(-2)*(-6)/9. What is the remainder when 40 is divided by (-21)/v*4/(-2)?
19
What is the remainder when 70 is divided by (0 + -14)/(4 - 63/14)?
14
Suppose -4*t = -3*a - 8, 5*t = -5*a + a + 10. Let s be -3 - -2 - (a - -32). Let n = s + 61. What is the remainder when n is divided by 10?
8
Suppose -2*p = -6*u + 3*u - 2, 2*u + 4 = 2*p. Calculate the remainder when p is divided by 4.
0
Let y be (-4*(0 - -1))/1. Let v = -2 - y. Let c(x) = x**2 - 6*x - 10. Calculate the remainder when c(8) is divided by v.
0
Let d(r) = r**3 - 4*r**2 - 4*r + 2. What is the remainder when 4 + (-4 - -1) - -24 is divided by d(5)?
4
Let f(c) = -26*c**3 + c**2 - 1. What is the remainder when f(-1) is divided by (-1)/(((-3)/27)/1)?
8
Let j be -15*20/(-12)*3. What is the remainder when 37 is divided by (8/(-10))/((-6)/j)?
7
Let z = -106 - -193. Calculate the remainder when z is divided by 30.
27
Calculate the remainder when 16 is divided by 30/(-9)*3/(-2).
1
Let z(o) be the second derivative of -o**3/2 + 13*o**2/2 + 6*o. Suppose -3*b + 28 = -b. Calculate the remainder when z(-9) is divided by b.
12
Suppose 2*o + 11 = -3*b + 67, 3*b + o - 52 = 0. Calculate the remainder when 46 is divided by b.
14
Suppose 3*c - 213 = 3*u, 0 = 3*c + 4*u - 79 - 141. What is the remainder when c is divided by 19?
15
Suppose 2*p - 111 + 24 = 5*y, -p = 4*y - 50. Let z(t) = 6*t - 2. Let r be 1/(4/(-3))*-4. What is the remainder when p is divided by z(r)?
14
Let j(h) = -h**3 - 5*h**2 - 3*h + 6. What is the remainder when 83 is divided by j(-5)?
20
Let n(l) = -5*l + 2*l**2 - 3 + 4 + 0 + l**3 - 4*l**2. What is the remainder when 24 is divided by n(4)?
11
Suppose -19 - 125 = 4*p. Let r be (-4)/18 - (-532)/p. What is the remainder when 6 is divided by ((-10)/r)/(2/12)?
2
Let z be 38/(-10) - (-2)/(-10). Let d(c) = c**2 + c + 3. Let h be d(z). Let x = h + -9. What is the remainder when 10 is divided by x?
4
Let h = 8 + -3. Suppose -p + 35 = h*c, p - 65 = -4*p - 3*c. Calculate the remainder when 9/4*(-1 - -9) is divided by p.
8
Let g(t) = t**2 - 3*t. Let z be g(3). Calculate the remainder when (-2 + 45 - z) + -2 is divided by 21.
20
Let o = 25 + 28. What is the remainder when o is divided by 14?
11
Let q = -35 + 62. Let m = -4 + -9. Let n = q - m. Calculate the remainder when n is divided by 21.
19
Suppose 0*h + 872 = 4*h. Suppose -5*d + h = 58. Calculate the remainder when d is divided by 11.
10
Let i(m) = 16*m - 2. Let a(k) = k**2 + k - 1. Let o be a(0). Let c(t) = -15*t + 1. What is the remainder when i(3) is divided by c(o)?
14
Let n(g) be the second derivative of -g**5/20 - g**3/3 + g**2/2 + g. Suppose 0 = -2*o - 3*o - 15. Calculate the remainder when n(o) is divided by 12.
10
Suppose -142 = -3*t + 26. Let s(k) = -5*k - 1. Calculate the remainder when t is divided by s(-4).
18
Suppose 0 = 5*p - 3*o - 50, 0*o + 36 = 3*p - 3*o. Calculate the remainder when 13 is divided by p.
6
Let g(v) = -v**2 - 21*v + 24. What is the remainder when g(-22) is divided by 1?
0
Let f(r) = 5*r + 3. Let m = 4 + -7. What is the remainder when f(4) is divided by (m - -11)/4 + 10?
11
Let f(n) = -n**3 + 6*n**2 - 2*n - 5. Suppose 4*b + 153 = 3*k, -4*b = 2*k - 3*b - 113. Let y = k + -27. Calculate the remainder when y is divided by f(5).
8
Let h be 1 - 4 - (-5 - -1). What is the remainder when 45 is divided by (h + 2 - -11) + 2?
13
Suppose 3*g - 38 = 91. Calculate the remainder when g is divided by 14.
1
Let r = 38 + -11. Let x be (2 - -14) + 2 + 0. Let o = x + -4. Calculate the remainder when r is divided by o.
13
Let r be 4/(-6) + (-33)/(-9). Suppose v + r*x = 4*v + 9, 3*x - 17 = -5*v. What is the remainder when (-20)/v*1/(-1) is divided by 7?
6
Suppose 91 = 3*s - 5*l, 187 = 5*s - 4*l + 31. Suppose 60 = 7*p - 3*p. Calculate the remainder when (21/12)/(2/s) is divided by p.
13
Let f = 28 + 2. Suppose -3*b - 2*b + f = 0. What is the remainder when b is divided by 4?
2
Let w = -8 - -18. What is the remainder when 2/(-5) - (-994)/35 is divided by w?
8
What is the remainder when (-2 - (-25 - 0)) + (-44)/11 is divided by 14?
5
Let f = 8 - 1. Calculate the remainder when 7 is divided by 3/(-21) + 29/f.
3
Let z = -8 + 12. Suppose -z*t = -t - 120. What is the remainder when t is divided by 21?
19
Suppose -5*n = 209 - 224. Calculate the remainder when ((-11)/(-4))/((-1)/(-4)) is divided by n.
2
Let x be (-270)/(-8) + (-21)/28. Let i =